{"id":10,"date":"2008-01-22T22:48:17","date_gmt":"2008-01-22T21:48:17","guid":{"rendered":"http:\/\/localhost\/wordpress\/?page_id=3"},"modified":"2025-03-18T14:11:57","modified_gmt":"2025-03-18T13:11:57","slug":"les-activites-de-lame","status":"publish","type":"page","link":"https:\/\/moto-evasion.org\/wordpress\/?page_id=10","title":{"rendered":"Activit\u00e9s de l&rsquo;AME"},"content":{"rendered":"<p>L&rsquo;association, apr\u00e8s quelques ann\u00e9es tr\u00e8s actives dans le domaine du T\u00e9l\u00e9thon (voir <a title=\"Site de l'AME de 1998 \u00e0 2007\" href=\"http:\/\/wwwame.free.fr\/ludohuon.free.fr\/ame\/racine\" target=\"_blank\" rel=\"noopener\">l&rsquo;ancien site<\/a> et la Balade Cyrille), a d\u00e9cid\u00e9 de recentrer ses activit\u00e9s sur les balades et la vie du groupe.<\/p>\n<p>Nous nous rencontrons une fois par mois sur le calendrier \u00e9tabli ensemble \u00e0 la Galette des Rois. Les sorties sont sous la responsabilit\u00e9 de l&rsquo;organisateur, qui donne le rythme de la balade. Les r\u00e9cents changements de politique routi\u00e8re imposent un strict respect des limitations de vitesse, nous sommes l\u00e0 pour nous faire plaisir sans risquer notre permis.<\/p>\n<p>L&rsquo;organisateur est pr\u00e9venu le jeudi soir pr\u00e9c\u00e9dant la sortie par les membres de leur pr\u00e9sence ou non. Nous avons d\u00e9cid\u00e9 en 2008 qu&rsquo;il \u00e9tait recommand\u00e9 \u00e0 chaque adh\u00e9rent de participer au moins quatre sorties dans l&rsquo;ann\u00e9e.<\/p>\n<p>Le centre d&rsquo;int\u00e9r\u00eat des balades est tr\u00e8s variable : pour le paysage, pour un b\u00e2timent historique ou culturel (ch\u00e2teau; mus\u00e9e; usine; exposition; etc), pour le sport (kart, char \u00e0 voile), pour le plaisir de la conduite (virages de Corlay, Saint Juvat), etc.<\/p>\n<p>Nous organisons aussi des week-end qui nous m\u00e8nent plus loin. Par exemple : en Normandie, dans le Marais Poitevin, en Baie de Locquirec, etc.<\/p>\n<p>enfin, nous nous retrouvons parfois pour participer \u00e0 des manifestations tels que les Restos du Coeur \u00e0 Rennes, la Scl\u00e9rose en Plaques \u00e0 Vannes &#8230;<\/p>\n<p>En 2008, pour \u00e9largir notre rayon d&rsquo;action, nous avons pr\u00e9vu d&rsquo;aller \u00e0 la rencontre d&rsquo;autres clubs de motards. Le <a title=\"Le moto club de la Baie de Morlaix\" href=\"http:\/\/mcbm.free.fr\" target=\"_blank\" rel=\"noopener\">MCBM<\/a> a r\u00e9pondu \u00e0 notre appel et nous nous sommes rencontr\u00e9s en Juin.<\/p>\n<p>En 2009, nous avons rendu l&rsquo;invitation au MCBM au cours d&rsquo;un week-end m\u00e9morable et avons particip\u00e9 \u00e0 une des sorties du T\u00e9l\u00e9thon avec le club A VAUX MOTO (93).<\/p>\n<p>En 2010, Eric nous a emmen\u00e9 dans un sortie AHA vers les volcans d&rsquo;Auvergne.<\/p>\n<p>En 2014, sortie AHA vers la Corse avec PAA<\/p>\n<p>En 2015, un m\u00e9morable week-end nous a permis de go\u00fbter la tranquillit\u00e9 de la Vend\u00e9e.<\/p>\n<p>En 2016, sortie AHA vers la Corse avec PAA et week-end \u00e0 Brignogan Plage<\/p>\n<p>En 2017, week-end m\u00e9morable \u00e0 Fouesnant chez Serge et Christine<\/p>\n<p>EN 2018, 3 \u00e8me sortie AHA vers la Corse avec PAA et week-end mouill\u00e9 \u00e0 l&rsquo;Ile de R\u00e9<\/p>\n","protected":false},"excerpt":{"rendered":"<p>L&rsquo;association, apr\u00e8s quelques ann\u00e9es tr\u00e8s actives dans le domaine du T\u00e9l\u00e9thon (voir l&rsquo;ancien site et la Balade Cyrille), a d\u00e9cid\u00e9 de recentrer ses activit\u00e9s sur les balades et la vie du groupe. Nous nous rencontrons une fois par mois sur <a class=\"more-link\" href=\"https:\/\/moto-evasion.org\/wordpress\/?page_id=10\">et plus &#8230; si \u00e7a vous int\u00e9resse<\/a><\/p>\n","protected":false},"author":3,"featured_media":7677,"parent":9,"menu_order":1,"comment_status":"closed","ping_status":"closed","template":"","meta":{"footnotes":""},"class_list":["post-10","page","type-page","status-publish","has-post-thumbnail","hentry"],"jetpack_sharing_enabled":true,"_links":{"self":[{"href":"https:\/\/moto-evasion.org\/wordpress\/index.php?rest_route=\/wp\/v2\/pages\/10","targetHints":{"allow":["GET"]}}],"collection":[{"href":"https:\/\/moto-evasion.org\/wordpress\/index.php?rest_route=\/wp\/v2\/pages"}],"about":[{"href":"https:\/\/moto-evasion.org\/wordpress\/index.php?rest_route=\/wp\/v2\/types\/page"}],"author":[{"embeddable":true,"href":"https:\/\/moto-evasion.org\/wordpress\/index.php?rest_route=\/wp\/v2\/users\/3"}],"replies":[{"embeddable":true,"href":"https:\/\/moto-evasion.org\/wordpress\/index.php?rest_route=%2Fwp%2Fv2%2Fcomments&post=10"}],"version-history":[{"count":4,"href":"https:\/\/moto-evasion.org\/wordpress\/index.php?rest_route=\/wp\/v2\/pages\/10\/revisions"}],"predecessor-version":[{"id":7676,"href":"https:\/\/moto-evasion.org\/wordpress\/index.php?rest_route=\/wp\/v2\/pages\/10\/revisions\/7676"}],"up":[{"embeddable":true,"href":"https:\/\/moto-evasion.org\/wordpress\/index.php?rest_route=\/wp\/v2\/pages\/9"}],"wp:featuredmedia":[{"embeddable":true,"href":"https:\/\/moto-evasion.org\/wordpress\/index.php?rest_route=\/wp\/v2\/media\/7677"}],"wp:attachment":[{"href":"https:\/\/moto-evasion.org\/wordpress\/index.php?rest_route=%2Fwp%2Fv2%2Fmedia&parent=10"}],"curies":[{"name":"wp","href":"https:\/\/api.w.org\/{rel}","templated":true}]}}